What is the units digit of l?
1
Let p(q) = -24*q - 1. What is the tens digit of p(-5)?
1
Let g = 40 - 6. Suppose -4 = b - g. What is the units digit of b?
0
Let g(v) = -v**2 + 5. Let d be g(0). Let p(q) = -q**2 + 7*q - 5. Let l be p(d). Suppose 5*u = -l*w + 25, 5*u - 15 = 3*w + 2*w. What is the units digit of w?
1
Suppose 0*i = -5*i - 170. Let j be (-1 - i) + (-11 - -13). Let q = j - 21. What is the units digit of q?
4
Let k be (-7)/(-28) + 50/(-8). Let n(l) = 0*l + l**2 + 3 + 5*l - 2. What is the units digit of n(k)?
7
Let d(n) = -n**2 + 6*n + 3. Suppose -g = 2 - 5. What is the tens digit of d(g)?
1
Suppose -5*w + 50 = -40. What is the tens digit of w?
1
Let b(w) = 2*w + 3. Suppose 29 + 41 = -5*l. Let g = -9 - l. What is the units digit of b(g)?
3
Suppose s = -w + 5 - 0, 0 = w - 4*s - 25. What is the units digit of -2 + w + -4 + 1?
4
Suppose 0*u - 192 = 4*u. What is the tens digit of (u/4)/((-6)/15)?
3
Let g = 11 - -46. What is the tens digit of g?
5
Let c = -47 - -77. What is the tens digit of c?
3
What is the tens digit of (62/10 + -3)*30/4?
2
Let q(n) = n**3 - 7*n**2 - 6*n + 6. Let o be q(8). Suppose 0 = 3*x + 4 - o. What is the units digit of x?
6
Suppose -84 = -3*y + 48. Let i = 22 - y. Let g = i - -34. What is the units digit of g?
2
Suppose 2*y - 2 - 4 = 0, 24 = 5*z + 3*y. Suppose a = -z*a + 16. What is the units digit of a?
4
Let j = -1 + 0. Let p = j + 5. Let c = 4 + p. What is the units digit of c?
8
Let h(x) = x. Let b(z) = 8*z. Let i(g) = -3*b(g) + 20*h(g). What is the units digit of i(-4)?
6
Let v = -5 + 8. Suppose 45 = 3*j - 2*h - 3*h, -v*h = 9. What is the tens digit of j?
1
Let c be (-2)/6 - 13/(-3). Let b be 18/15*(-20)/(-6). Suppose -2 = b*w + c*o - 6, 5*o = 0. What is the units digit of w?
1
Suppose -4*k + 28 = -2*k. Suppose 0 = -2*i - 2*w - k, -6*w = -2*w + 12. Let r(u) = -u**3 - 3*u**2 + u - 3. What is the units digit of r(i)?
9
Suppose 0 = 2*g - 10 + 82. What is the tens digit of 8/(-3)*g/8?
1
Let v be (0 + 1)*-4 + -2. Let l(j) = j + 11. Let a be l(v). Suppose -2*k - 3*c = -0*c - 17, -a*c - 5 = -5*k. What is the units digit of k?
4
Suppose -3*w + o - 21 = 0, -w - 10 = -3*o + 5. Let m be (-2)/(-5) - w/10. Let q = m + 3. What is the units digit of q?
4
Let u(t) = 2*t**2 + 4*t + 3. Suppose 5*g = 3*g - 6. What is the units digit of u(g)?
9
Let u = 68 - 40. Suppose -p - u = -3*p. What is the units digit of p?
4
Let b be 1*6/5*5. What is the units digit of 121/7 - b/21?
7
Suppose -2*a + 156 = 34. What is the tens digit of a?
6
Let u be (-8 - 2)/((-5)/10). Suppose 113 = 5*g + 3*k - 12, 4*k - u = 0. What is the tens digit of g?
2
Let g(p) = 15*p**2 - p + 1. Let u be g(-2). What is the units digit of u/12*(-32)/(-12)?
4
Suppose 0*d + 3*d = -81. Let w = 43 + d. Suppose -5*s = -s - w. What is the units digit of s?
4
Suppose 3*a = 261 + 165. What is the tens digit of a?
4
Let s be (-16)/(-10) - (-4)/10. Let q(n) = n**3 + 4*n**2 - 4*n + 1. Let d be q(-5). What is the units digit of (9/d)/(s/(-8))?
9
Suppose 3*f = -f + 36. Let c = f + 7. What is the units digit of c?
6
Let b(o) = -3*o**3 - 3*o + 3. What is the units digit of b(-3)?
3
What is the hundreds digit of 9012/48 + 2/8?
1
Let x(q) = -59*q - 2. What is the units digit of x(-1)?
7
Suppose -5*u - 28 = -4*o, 0*u + 10 = -o - 3*u. Suppose -o*h = -6 - 6. What is the units digit of h?
6
Suppose -2 = -3*i - x, 0 = -2*i - 2*x + x + 1. What is the tens digit of (-10)/((-1)/3*i)?
3
Suppose 7*j = 4*j + 30. Suppose 0 = 10*r - 11*r + 4. Suppose 2*a = -r, 3*a + j = u + a. What is the units digit of u?
6
Let y(c) = -c - 7. Let f be y(-8). Let k be 33/f + (-5)/5. Let q = -19 + k. What is the units digit of q?
3
Let t(x) = x**2 + 7*x - 9. Let q be ((-4)/2)/(4/22). What is the tens digit of t(q)?
3
Let q(f) = f**3 - 3*f**2 - 3*f + 2. Let t be q(4). What is the units digit of (-2 - 3/t)*-6?
5
Let v = 79 - 55. What is the units digit of v?
4
Let w(o) = o**3 - o. Let r(c) = -7*c**3 + 16*c**2 - 9*c + 11. Let x(a) = r(a) + 6*w(a). What is the tens digit of x(15)?
1
Let h(m) = 2*m**2 + 2. What is the tens digit of h(-3)?
2
Let i = -75 - -119. What is the tens digit of i?
4
What is the units digit of 10 - ((-2)/(-2) - 0)?
9
Suppose 0 = -2*o + 2, 3*p + p = 4*o + 28. Let b = p + -5. Suppose 43 = b*a + 13. What is the units digit of a?
0
Let b be 2/(-4)*(1 + -3). Suppose 5*f + y + 59 = 0, 0 = -0*y + y - 1. What is the tens digit of ((-68)/f)/(b/3)?
1
Let l(h) = -8*h - 5. Let v be l(4). What is the tens digit of (-3)/3*(v + -3)?
4
Suppose 20 = -4*b, 4*q + 4*b = -0*q - 12. Suppose q*n - 1 = 3. Let m = n - -3. What is the units digit of m?
5
Let j = -4 - -1. Let q = 1 - j. What is the units digit of 32/14 - q/14?
2
Let x = -11 - -16. What is the units digit of x/(-3)*66/(-2)?
5
Let q = 40 + 59. What is the tens digit of q?
9
Let d = -2 + 7. Suppose d*a = 119 + 6. Let v = -16 + a. What is the units digit of v?
9
Suppose -10 = -2*b + 18. Let d = 7 + -9. Let t = b + d. What is the units digit of t?
2
Suppose -5*b + 3*b = 220. Let q = -74 - b. What is the units digit of q?
6
Suppose 0 = 3*b - 8*b + 95. What is the units digit of b?
9
Suppose 4*q + 545 = 9*q. What is the hundreds digit of q?
1
Suppose 0 = -5*w + 2*z - 8, w - z + 12 = 2*z. Let h(t) = -t + 4. Let m be h(w). What is the units digit of (14/m)/((-4)/(-8))?
7
Let o = -6 - -5. Let u(f) = -f**3 + 2*f**2 + f. What is the units digit of u(o)?
2
Let y be 2/2*(-1 - -4). Let u be -3 + 60/(y/1). Let a = -10 + u. What is the units digit of a?
7
Suppose 0 = 2*g - 7*g + 55. Let k be (-134)/(-6) - 4/(-6). Let y = k - g. What is the tens digit of y?
1
Suppose c = 5*c - 28. Suppose 2*s = 2*d, c*d - 2*d - 9 = -4*s. What is the units digit of d?
1
Suppose 0 = 8*v - 643 + 51. What is the units digit of v?
4
Let i = 1 + 0. Let o be i/(-4) + (-68)/(-16). Suppose 46 = o*c + 14. What is the units digit of c?
8
Let d(g) = -g**3 - 4*g**2 + 4*g - 7. Let n be d(-5). Let f = -3 + n. Let x(k) = -k**3 - 3*k**2 + 6*k - 4. What is the units digit of x(f)?
6
Let a = 51 + -16. Suppose 4*h = 2*y - 5*y + a, -5 = 2*y - 3*h. What is the units digit of y?
5
Suppose -3*v + 5*v + 42 = 0. Let b = 30 - v. What is the tens digit of b?
5
Let u(c) = -c**2 + 11*c + 7. Let q(j) = j + 5. Let m be q(6). What is the units digit of u(m)?
7
Suppose 2*k - 28 = -5*z, k - 7 = -z + 2*k. Let a(c) = c**2 - 5*c - 1. Let v be a(z). Suppose -v*r = -r - 44. What is the tens digit of r?
1
Suppose a + 3*i - 34 = 0, 8*a + i = 3*a + 114. What is the tens digit of a?
2
Suppose -4*z + 110 = -2*c, -3*z = c + 36 - 111. What is the units digit of z?
6
Suppose -p + 4*t - 4 = 8, -3*p + 20 = 2*t. Suppose 4*j + 8 = p, 0 = 5*u + 4*j - 76. What is the tens digit of u?
1
Suppose n - 476 = -6*n. What is the units digit of n?
8
Suppose -5*y + 6 = -19. Suppose -6 = y*f + 4*c + 6, -5*c - 15 = -2*f. Suppose -2*i + 0*i + 18 = f. What is the units digit of i?
9
Suppose -5*j + 186 = -g, 3*j + g + g - 122 = 0. What is the tens digit of j?
3
What is the tens digit of 208/3 + 9/(-27)?
6
Suppose -u + 9 = -26. What is the units digit of u?
5
What is the tens digit of (6 - 33)*(-44)/12?
9
Let j(d) = d**3 + 10*d**2 - 16*d + 34. What is the tens digit of j(-11)?
8
Suppose y - 6*y + 59 = b, 2*b - 10 = -y. What is the units digit of y?
2
Let u(l) be the first derivative of -l**2/2 + 10*l - 3. Let k be (3 + 1)*10/8. What is the units digit of u(k)?
5
Suppose 0 = -h + 4*l + 26, -6*h + 34 = -2*h - 2*l. Let g = 14 - h. Suppose o - g = -o. What is the units digit of o?
4
Let f(a) = -a**2 + 13*a + 2. What is the tens digit of f(11)?
2
Suppose 5*a - 16 = -3*m, 4*a - 4 = -5*m + 1. Suppose a*d + 63 = 8*d. What is the units digit of d?
1
Suppose -4*b + 1198 = 5*r, -2*b = 2*b + 2*r - 1204. What is the tens digit of b?
0
Let z = 3 + -2. Let w = 3 - z. Suppose w*k = -k + 9. What is the units digit of k?
3
Suppose 8 = 3*p - 7*p, 4*d + p = 230. What is the units digit of d?
8
Let k = -19 + 33. What is the units digit of k?
4
Suppose 8*v = 3*v - 5. Let x(t) = 19*t**2 - 3*t - 11. Let h(c) = -6*c**2 + c + 4. Let j(a) = 8*h(a) + 3*x(a). What is the units digit of j(v)?
9
Let q(o) = -3*o + 1 + 12*o - 10*o + 12*o**2. Let u be q(1). What is the units digit of (u + -2)/((-2)/(-1))?
5
Let v(f) = -f + 94. What is the units digit of v(0)?
4
Let x = -4 - -14. What is 